
Let o(n) = 5*n - 3*n - 1 + 2*n - n. Let a(g) = g**3 + 7*g**2 + 5*g - 1. Let j be a(-6). What are the prime factors of o(j)?
2, 7
What are the prime factors of 392020/425 - (-2)/(-5)?
2, 461
Suppose o = -2*o + 12. List the prime factors of o/4 - (1 + -135).
3, 5
Suppose -8*b - 8 = 8. Let u = 55 - b. List the prime factors of u.
3, 19
Let o(x) = x**2 + 4*x - 5. Let d be o(-5). Let l(a) = -2*a - 12. Let w be l(7). What are the prime factors of (w + d)*(-5)/10?
13
Suppose -245 = -2*p - 29. Let k = -41 + p. List the prime factors of k.
67
Let u(f) = 6*f**2 - 4*f - 2. Let a(t) = -12*t**2 + 8*t + 5. Let p(d) = -2*a(d) - 5*u(d). Let q be p(3). Let l = 5 - q. List the prime factors of l.
47
Suppose -v + 5 = -5*f, 2*v + 2*f = -3*f + 10. Let k = 17 + v. What are the prime factors of k?
2, 11
Suppose 0 = 12*h - 19*h - 952. Let q = h - -190. What are the prime factors of q?
2, 3
Let y be 205/10 + (-2)/4. Let x = 44 - y. What are the prime factors of x?
2, 3
Let o be (-115)/(-7) + -1 - (-18)/(-42). Suppose 11*u = o*u - 596. List the prime factors of u.
149
Let q(j) = 15*j**2 - 4*j + 1. Let y be q(-3). Suppose -4*s - 2*d = -y, 0*s + 4*d - 185 = -5*s. List the prime factors of (1 - 2)/((-1)/s).
37
Let b(i) = 2*i + 10. Let c be b(13). Suppose -4*n - 24 = -l, -n - 8 = 3*l + 3*n. Suppose -c = -l*y - 0. List the prime factors of y.
3
Suppose -3*s = -76 - 56. Let i = -9 + s. Suppose i + 22 = 3*n. What are the prime factors of n?
19
Let u be (0 - -1) + 2 + -15. Let b = 17 + u. Suppose 0 = l + 4*m - 36, 0*m - 5*m = -b*l + 55. What are the prime factors of l?
2
Let g(z) = -7*z - 79. Let r be g(-12). Suppose -5*d - 3*x = -1242, -6*d + 2*d + 991 = r*x. What are the prime factors of d?
3, 83
Let a(t) be the first derivative of -t**3/3 - 4*t**2 - 5*t - 8. Let w be a(-6). Suppose 5*j + 40 = x, 3*j = -w*x + 6*x. What are the prime factors of x?
3, 5
Let g(k) = 25*k**2 - 21*k - 81. List the prime factors of g(-5).
11, 59
What are the prime factors of (-124003)/(-55) + -5 + (-4)/(-10)?
2, 3, 5
Suppose 121*c + 2076 = 125*c. What are the prime factors of c?
3, 173
Let i = -39 + 40. List the prime factors of i/(-4) - 3321/(-36).
2, 23
Let f(m) = -43*m - 15. Let k be f(6). What are the prime factors of 2 + 6/(-2) - 2 - k?
2, 3, 5
Let w(s) = -s**3 + 7*s**2 - 7*s + 4. Let p(q) = q**3 + 4*q**2 + q - 2. Let n = -2 + -1. Let d be p(n). List the prime factors of w(d).
2, 3
Let p be (1 - 0)*2*(27 - 3). Suppose -d + 3*g + p = 0, 0 = 3*d - 4*d + 2*g + 47. List the prime factors of d.
3, 5
Let o(b) = 5*b - 8. Let i(y) = y**2 - 9*y + 1. Let l be i(10). What are the prime factors of o(l)?
47
List the prime factors of 9/15 + 7939/85.
2, 47
Suppose -4*l = 5*z - z - 956, 3*l - 5*z = 749. Suppose -2*b + 510 = 4*o, -l = -b + 11*o - 10*o. List the prime factors of b.
13, 19
List the prime factors of ((-9)/12 + 1)*3004.
751
Let o = 19 - -31. Suppose 8*f - 7*f = o. What are the prime factors of f?
2, 5
Let f be 1 - 5 - (0 + -9). Suppose -150 = -f*t + 2*t. What are the prime factors of t?
2, 5
Let d = 10 + 76. Suppose -3*f + d = -2*y, -72 = 4*y - 2*y + 4*f. Let h = y - -56. What are the prime factors of h?
2
Suppose 0 = l - 3*h, 7*l - 2*h = 3*l. Let w be (-2)/(4/(-6)) - l. Suppose -b + 41 = -2*o - 2*o, w*o = 4*b - 99. List the prime factors of b.
3, 7
Let g = 3144 - 1169. What are the prime factors of g?
5, 79
Let h = -229 + 647. List the prime factors of h.
2, 11, 19
Suppose 16*l - 8638 = 3154. List the prime factors of l.
11, 67
Let z be -3*4/9*-3. Suppose -z = -2*o - 2. List the prime factors of o/(-2) - 189/(-14).
13
Let j(i) = 2*i - 2. Suppose -h + 125 = 4*h. Let d = h + -11. What are the prime factors of j(d)?
2, 13
Let n(m) = m**3 - 23*m**2 - 46*m + 20. List the prime factors of n(25).
2, 3, 5
Let g(o) = o**2 + o + 3. Let a be g(0). Suppose -5*y + 131 = -3*m, -2*y + 4*m + 108 = 2*y. What are the prime factors of (-2 + a)*(y + -5)?
2, 5
Let k(l) = -l**3 + l**2. Let p be k(-1). Suppose 0 = 5*y - 5*o - 15, -y + 4*o = p*y - 5. What are the prime factors of y?
7
Suppose k + 475 = 2*k. Suppose -18*c + 23*c - k = 0. What are the prime factors of c?
5, 19
Suppose 325 = -5*m - 355. Let t = -69 - m. What are the prime factors of t?
67
Let i(g) be the second derivative of 7*g**6/720 - g**5/20 - g**4/12 - 4*g. Let k(o) be the third derivative of i(o). List the prime factors of k(4).
2, 11
Let f = 59 - 55. Suppose -189 = -3*t - 3*l, 3*l = 3*t + f*l - 197. List the prime factors of t.
67
Suppose 4*y - 14720 = -y + k, -y - 3*k = -2960. List the prime factors of y.
5, 19, 31
Let x be 9*2/6 + 1. Suppose 2*q = -x*g + 88, -g + 206 = 5*q + 2*g. What are the prime factors of q?
2, 5
Let p(j) = -1. Let a(q) = -q**3 - 3*q**2 - 3*q - 3. Let l(m) = a(m) + 3*p(m). List the prime factors of l(-4).
2, 11
Let i = -11 + 13. Suppose 29 = i*o - k, k - 4*k - 42 = -3*o. List the prime factors of o.
3, 5
Let y(b) be the first derivative of 7*b**2 + 33*b + 19. List the prime factors of y(6).
3, 13
Let c = -13 + 9. Let t = c + 10. Let x(m) = 2*m - 4. List the prime factors of x(t).
2
Let s(i) = 25*i**2 - 2*i - 1. Suppose -3 = u - 2. Let y be s(u). Suppose 2*f + 3*h - 83 = -24, -y = -f + 2*h. What are the prime factors of f?
2, 7
Let h = 15 + -12. Suppose -4*x = x - h*o - 427, 162 = 2*x + o. List the prime factors of x.
83
What are the prime factors of ((-3)/36*6)/(2/(-572))?
11, 13
Suppose 27 = 4*s - 33. Suppose 0 = s*i - 10*i. Suppose -q + 5*a + 66 + 0 = i, 4*a + 184 = 4*q. List the prime factors of q.
41
Suppose 0 = 2*o + o - 339. Let l = 181 - o. List the prime factors of l.
2, 17
Let m(v) = -v**3 + 3*v**2 - 2*v + 2. Let c be m(4). Let f = -17 - c. Suppose 3*q - 49 = -4*o, -f*o - 5 + 36 = q. What are the prime factors of q?
11
List the prime factors of 509*-2*(-3 - (-20)/8).
509
Suppose -3*r = 5*c - 286, 0 = 3*r + 14*c - 10*c - 287. What are the prime factors of r?
97
Let m be ((-134)/4)/((-22)/220). Suppose -3*q = -5*c + m, 3*q = c - 0*c - 67. What are the prime factors of c?
67
Let z(r) = -r**3 + 4*r**2 + 2*r + 5. Let h be z(4). Let k(q) = -q**2. Let i(g) = -7*g**2 + 13*g + 7. Let t(p) = i(p) - 6*k(p). List the prime factors of t(h).
7
Let g = -20 + 20. Suppose m = 2*a + 8, 3*m - 2*a - 11 - 1 = g. Suppose 0 = -s - m*v + 26, s - v - 17 = -0*s. What are the prime factors of s?
2, 5
Let z(j) = 2*j**3 + j**2 - 11*j - 7. Let o be z(7). Suppose -3*a + o - 228 = 0. What are the prime factors of a?
3, 47
Suppose 19*w + 9 - 66 = 0. Let d = -2 + 4. Suppose -t + w*q + 28 = 0, 152 = 5*t - t - d*q. List the prime factors of t.
2, 5
Let d(x) = -2*x**3 + x**2 + 2*x + 14. What are the prime factors of d(-5)?
3, 31
Let q = 21 - 14. Suppose -q*z = -12*z + 195. List the prime factors of z.
3, 13
Let n be ((-4)/(-3))/((-4)/(-6)). Suppose -25 = -3*v - 16. Suppose n*p = -v + 9. What are the prime factors of p?
3
Suppose 10*q = 1553 - 1213. List the prime factors of q.
2, 17
Suppose -110*r + 101*r + 9234 = 0. What are the prime factors of r?
2, 3, 19
Let s(u) = -u - 9. Let g be s(7). Let b = -14 - g. List the prime factors of b + 17 - (1 + 1).
17
Let t(k) = -k**3 - 37*k**2 - 30*k - 139. What are the prime factors of t(-37)?
971
Suppose -5*k + 5*c = -6005, 3*k - 2316 - 1266 = -4*c. What are the prime factors of k?
2, 599
Let x = -171 - -357. Suppose -4*p + 182 = 3*v, -v - x = -4*p - 2*v. What are the prime factors of p?
47
Let r = -8 - 1. Let g = r + 8. What are the prime factors of (-414)/(-27) + g/3?
3, 5
Let t(v) = -9*v + 14. List the prime factors of t(-16).
2, 79
Let f(n) be the second derivative of n**5/10 - n**4/4 - 2*n**3/3 + 3*n**2/2 - 10*n. List the prime factors of f(3).
2, 3
Let z be 16/(-6)*(-9 - 372). Suppose -5*b + z - 111 = 0. List the prime factors of b.
181
Let k = 1829 - -801. What are the prime factors of k?
2, 5, 263
Let x(i) = i**2 + 3*i - 9. Let d be x(15). Suppose -u = 4*j - 231, 4*j = 3*u + 2*u + d. List the prime factors of j.
59
Let j be (-8 + 1)*2/(-7). Suppose -2*l - 2*y = -190, -6*l - 3*y + 383 = -j*l. What are the prime factors of l?
2, 7
Suppose -i = 3*t + 32, 5*i - 8 = -4*t + 3*t. Let d(h) = -2*h + 9. Let q(s) = -s + 1. Let v(o) = -d(o) + 3*q(o). List the prime factors of v(t).
2, 3
Suppose 24 + 99 = h. Suppose -12*n + 15*n - h = 0. List the prime factors of n.
41
Suppose -337*f + 332*f + 7250 = 0. List the p